1330 = 0. What is the greatest common factor of 30 and o?
10
Let g = 1982 + -1930. Calculate the highest common factor of g and 2756.
52
Suppose 4*h - 4*f = 120, -3*f + 34 = 13*h - 12*h. What is the greatest common divisor of h and 1891?
31
Let h(u) = 2*u**2 - u - 12. Let l be h(4). Calculate the greatest common divisor of 56 and l.
8
Suppose -3*q = 26*x - 29*x - 39, x + 1 = 0. Let g = 29 - 11. Calculate the highest common divisor of q and g.
6
Let a = -167 - -94. Let u(o) = -4*o**3 + 5*o**2 + 2*o - 4. Let m be u(4). Let g = a - m. Calculate the greatest common divisor of g and 9.
9
Suppose 0 = 267*q - 249*q - 1296. What is the greatest common divisor of 720 and q?
72
Let q = 10 + -8. Let t(c) = -12*c + 3. Let h be t(q). Let j be (-847)/h + (-1)/3. Calculate the highest common divisor of j and 60.
20
Let m be -2*5/(-20)*2772/7. Calculate the greatest common divisor of 18 and m.
18
Let y be (1 + -1)/(-12 + 13). Suppose 2*q + 0*q - 10 = y. Suppose 3*a - q*d = 9, -2*d + 5*d = -3*a + 9. Calculate the highest common factor of 15 and a.
3
Suppose -2*m + 12 = -0*m - 5*l, 2*l + 9 = 5*m. Let v be (((-12)/8*6)/m)/(-1). Calculate the greatest common divisor of 9 and v.
9
Suppose -13 = j - 3*b - 4, -11 = -j - b. Suppose -j*h + 9*h = 6. What is the greatest common factor of h and 18?
2
Suppose -7*v = -3*v - 24. Suppose 0 = -v*c + c + 520. Let o be (-325)/(-15)*12/(-80)*-4. What is the highest common divisor of o and c?
13
Suppose 4*o + u - 319 = 0, -3*u - 243 = 5*o - 640. What is the greatest common factor of 520 and o?
40
Suppose 6039 = 136*t - 125*t. What is the greatest common divisor of 27 and t?
9
Suppose 5*h + 5*m = 3*h + 5, -m + 14 = 3*h. Let f(y) = 4*y - 4. Let g be f(7). Suppose -8*v + g = -h*v. What is the highest common factor of 56 and v?
8
Let s = -15 - -28. Suppose -5*x + 363 - s = 0. Suppose 4*h - 2*d + 16 = 70, -3*h - 4*d + 46 = 0. What is the greatest common factor of h and x?
14
Let f(n) = 2*n**2 + n + 1. Suppose 4*t - 16 = 0, -2*t + 11 = -3*p - 6. Let y be f(p). Suppose 531 - 567 = -9*i. What is the highest common divisor of i and y?
4
Suppose 24 = 11*n - 3*n. Let r be n/((-5)/105*-1). Calculate the greatest common factor of 27 and r.
9
Let v be (-6)/4 - (-23)/2. Let r be (-1326)/(-65) + (-4)/v. Let x be -10*(-3)/24*r. What is the highest common factor of 100 and x?
25
Let f = -28 + 50. Suppose -4*q + 92 = -5*v - 0*v, 3*q + v - 50 = 0. Suppose q = 4*u - 26. Calculate the greatest common factor of f and u.
11
Let h(n) = -n**2 + 10*n + 5. Let j be h(8). Let o be (1/(-3))/(6/(-126)). Let f(a) = 2*a - 7. Let g be f(o). What is the greatest common divisor of g and j?
7
Suppose -5*b - 3*a + 61 = 0, 2*b = -b + a + 45. Suppose -b*y + 11 = -13*y. Let t = -16 + 27. What is the greatest common factor of t and y?
11
Suppose 0 = -6*r + 99 + 273. What is the highest common divisor of 992 and r?
62
Suppose -6*r + 4*r = -16. Let t = r + 37. What is the highest common factor of t and 315?
45
Let g = -291 + 296. Calculate the highest common factor of 95 and g.
5
Suppose j + 28 = 3*u, -2*j - 3*j = 5. Let q be -4*((-165)/(-6))/(-5). Suppose -5 = -3*f + q. Calculate the greatest common divisor of f and u.
9
Suppose -2*x - 3*x = 0. Let o be -2 - -8 - x/(-6). Let a = -39 - -99. What is the highest common divisor of a and o?
6
Let g be 4 + (2 - 4 - -6). Let q be ((-4)/14)/(g/(-1064)). What is the highest common divisor of 304 and q?
38
Let c(t) = -t**3 - 8*t**2 + t + 11. Let i be c(-8). Let s be (8/(-16))/(i/6). Let b be (3 - s) + 14 + 4. What is the greatest common factor of 154 and b?
22
Let y = 25 - 13. Let v = 25 - y. Suppose -2*l + 102 = -2. What is the highest common divisor of v and l?
13
Let j be 1 + (-9 - -12) - -6251. Calculate the greatest common divisor of 45 and j.
45
Let y(l) = -l**3 - 3*l**2 - 16*l + 2. Let t be y(-4). What is the greatest common factor of 205 and t?
41
Suppose -5*g = 3*y - 119, 5*g - 4*y - 113 = -5*y. What is the greatest common divisor of 253 and g?
11
Let s be (-1)/(-4) + 59/4. Let c be (715/22)/((-3)/(-6)). Suppose -q = -68 + c. Calculate the greatest common factor of q and s.
3
Suppose -k = -4*k + o - 1040, 3*k + 3*o = -1032. Let l = 174 + k. Let p be l/(-36) - 6/(-27). What is the highest common factor of p and 15?
5
Let r(m) = -7*m**3 - 11*m**2 - 10*m. Let z be r(-1). Calculate the highest common factor of 27 and z.
3
Let w(n) = -n**3 - 7*n**2 + 27*n + 7. Let g be w(-10). Calculate the highest common factor of g and 481.
37
Suppose -p - 76 = 116. Let t = -132 - p. Suppose -5*a = 5*r - 75, -r + 21 = 2*a - 6. What is the highest common factor of t and a?
12
Suppose 5*u + 170 = 50. Let p = -37 + 79. Let w = p + u. What is the highest common divisor of 45 and w?
9
Let l(d) = d - 2. Let i be l(7). Let f = i - 2. Let o be 3/1 + (f - -9). Calculate the greatest common factor of 165 and o.
15
Let c be ((-13)/(-26)*(-4216)/(-2))/2. What is the greatest common factor of c and 34?
17
Let v(q) = q**3 - 13*q**2 - 12*q - 34. Let d be v(14). Let i be (-7 - (d/4 + 1))*-18. What is the greatest common factor of i and 13?
13
Suppose h = -1, h = -4*s + 2*h + 165. Let r = s + -31. What is the greatest common divisor of 20 and r?
10
Let j be 22/(-55) - 208/5. Let v be (-6797)/j + 1/6. Let a be 18/((-4 - -3) + 2). What is the greatest common factor of a and v?
18
Let u be (-1)/(-3) - 308/(-12). Let d = -22 + 82. Suppose o + 21 = d. Calculate the highest common divisor of u and o.
13
Suppose -2*k = 9*k - 2*k. Suppose k*h - 133 = -7*h. What is the highest common divisor of 38 and h?
19
Suppose -7*w = 62 - 2295. Calculate the greatest common factor of 58 and w.
29
Suppose -4*q + 29*u - 32*u = -481, 238 = 2*q + 2*u. What is the greatest common factor of 4 and q?
4
Suppose 2*h - m + 143 - 386 = 0, 0 = m + 3. Suppose -i = -11 - 4. What is the highest common factor of h and i?
15
Suppose 0 = -2*x + 4*l + 16 + 12, 0 = -5*x + 4*l + 40. Let i = 12363 - 12335. Calculate the greatest common factor of x and i.
4
Let p(w) = 3*w**2 - 5*w - 12. Let q be p(28). What is the highest common divisor of q and 25?
25
Suppose 161 - 125 = 3*z. What is the highest common divisor of z and 24?
12
Let x(o) = -45*o**3 - o**2 - 2*o - 1. Suppose -5*i + 8 = 13. Let b be x(i). What is the highest common factor of 18 and b?
9
Let z be 66/15 + 0 + 10/(-25). Suppose -z*j + 3*d = -6*j + 161, 0 = -4*d - 20. Calculate the highest common factor of 16 and j.
8
Suppose h + 864 = -7*h. Let w be 0 + (1 - -4) + -3 - h. Calculate the greatest common divisor of 10 and w.
10
Let m = 21 - 18. Let h be (-1)/(m - (-19)/(-6)). Calculate the highest common divisor of 54 and h.
6
Suppose 0 = 5*o - 2*i + 57 + 15, 0 = 3*o + 5*i + 68. Let v(b) = -b**3 - 17*b**2 - 16*b + 18. Let f be v(o). What is the greatest common divisor of f and 198?
18
Suppose -113 = -2*l - 113. Let k be (13 - 17) + (l - -251). Calculate the greatest common factor of 19 and k.
19
Let f(j) = -153*j - 2. Let p be f(1). Let q = p - -298. Calculate the highest common factor of q and 11.
11
Let a(g) = g**2 - 15*g - 96. Let d be a(24). Calculate the greatest common factor of 15 and d.
15
Let g be 51 - (12 + (2 - 5)). What is the greatest common divisor of g and 42?
42
Let h be 4/((-2)/6*3). Let c be ((-32)/(-12))/h - (-20)/3. What is the highest common factor of c and 66?
6
Let w = -166 + 183. Calculate the highest common factor of 34 and w.
17
Let w(l) = -l**2 + 3*l + 3. Let i be w(3). Suppose -2*m = -i*j + 162, -3*j + 209 = 4*m + 29. Calculate the greatest common factor of j and 140.
28
Let k = 1453 + -777. Let y(c) = c. Let d be y(4). Suppose d*p - k - 53 = -5*r, -2*p + 4*r = -332. What is the greatest common divisor of p and 16?
16
Let i(h) = h**3 + 9*h**2 + h - 13. Let y be i(-9). Let l = -16 - y. Calculate the greatest common divisor of l and 2.
2
Let d(p) = p**3 + 4*p**2 - p - 4. Let s be d(-4). Let x be -4*(44/(-16) + s). Let c be 788/22 - (-2)/x. Calculate the greatest common divisor of 4 and c.
4
Let q(n) = 5*n**2 - 2*n - 8. Let g(a) = 10*a**2 - 5*a - 16. Let z(j) = 3*g(j) - 5*q(j). Let b be z(-2). Calculate the greatest common factor of b and 44.
22
Let d be (9 - 5)/((-2)/(-4)). Suppose -g + l = -11 - 11, d = -4*l. Suppose -3*b - g = -53. What is the greatest common divisor of b and 99?
11
Let j = 7 + 99. Let k = -101 +